{"id":12534,"date":"2016-08-03T16:24:17","date_gmt":"2016-08-03T14:24:17","guid":{"rendered":"http:\/\/www.davidedancelli.it\/demositi\/?page_id=12534"},"modified":"2018-10-16T08:25:00","modified_gmt":"2018-10-16T08:25:00","slug":"about-us","status":"publish","type":"page","link":"https:\/\/www.newfarms.it\/?page_id=12534","title":{"rendered":"Azienda"},"content":{"rendered":"<p>[et_pb_section admin_label=&#8221;Sezione&#8221; fullwidth=&#8221;on&#8221; specialty=&#8221;off&#8221; background_image=&#8221;http:\/\/www.newfarms.it\/wp-content\/uploads\/2016\/08\/New-Farms-azienda-ok.jpg&#8221; transparent_background=&#8221;off&#8221; allow_player_pause=&#8221;off&#8221; inner_shadow=&#8221;off&#8221; parallax=&#8221;off&#8221; parallax_method=&#8221;off&#8221; padding_mobile=&#8221;off&#8221; make_fullwidth=&#8221;off&#8221; use_custom_width=&#8221;off&#8221; width_unit=&#8221;on&#8221; make_equal=&#8221;off&#8221; use_custom_gutter=&#8221;off&#8221; background_color=&#8221;#ffffff&#8221;][et_pb_fullwidth_post_title admin_label=&#8221;Titolo Post a Larghezza Intera&#8221; title=&#8221;on&#8221; meta=&#8221;off&#8221; author=&#8221;on&#8221; date=&#8221;on&#8221; categories=&#8221;on&#8221; comments=&#8221;on&#8221; featured_image=&#8221;off&#8221; featured_placement=&#8221;below&#8221; parallax_effect=&#8221;on&#8221; parallax_method=&#8221;on&#8221; text_orientation=&#8221;center&#8221; text_color=&#8221;light&#8221; text_background=&#8221;off&#8221; text_bg_color=&#8221;rgba(255,255,255,0.9)&#8221; module_bg_color=&#8221;rgba(255,255,255,0)&#8221; title_all_caps=&#8221;off&#8221; use_border_color=&#8221;off&#8221; border_color=&#8221;#ffffff&#8221; border_style=&#8221;solid&#8221;] [\/et_pb_fullwidth_post_title][\/et_pb_section][et_pb_section admin_label=&#8221;section&#8221;][et_pb_row admin_label=&#8221;row&#8221;][et_pb_column type=&#8221;1_2&#8243;][et_pb_image admin_label=&#8221;Immagine&#8221; src=&#8221;http:\/\/www.newfarms.it\/wp-content\/uploads\/2016\/08\/New-Farms-azienda-ok.jpg&#8221; show_in_lightbox=&#8221;off&#8221; url_new_window=&#8221;off&#8221; use_overlay=&#8221;off&#8221; animation=&#8221;left&#8221; sticky=&#8221;off&#8221; align=&#8221;left&#8221; force_fullwidth=&#8221;off&#8221; always_center_on_mobile=&#8221;on&#8221; use_border_color=&#8221;off&#8221; border_color=&#8221;#ffffff&#8221; border_style=&#8221;solid&#8221;] [\/et_pb_image][et_pb_image admin_label=&#8221;Immagine&#8221; src=&#8221;http:\/\/www.newfarms.it\/wp-content\/uploads\/2016\/08\/New-Farms-azienda-produzione.jpg&#8221; show_in_lightbox=&#8221;off&#8221; url_new_window=&#8221;off&#8221; use_overlay=&#8221;off&#8221; animation=&#8221;bottom&#8221; sticky=&#8221;off&#8221; align=&#8221;left&#8221; force_fullwidth=&#8221;off&#8221; always_center_on_mobile=&#8221;on&#8221; use_border_color=&#8221;off&#8221; border_color=&#8221;#ffffff&#8221; border_style=&#8221;solid&#8221;] [\/et_pb_image][\/et_pb_column][et_pb_column type=&#8221;1_2&#8243;][et_pb_text admin_label=&#8221;Testo&#8221; background_layout=&#8221;light&#8221; text_orientation=&#8221;justified&#8221; use_border_color=&#8221;off&#8221; border_color=&#8221;#ffffff&#8221; border_style=&#8221;solid&#8221;]<\/p>\n<p style=\"text-align: justify;\">La ditta New Farms \u00e8 presente sui mercati italiano ed europeo con materassi per vacca realizzati in gomma, studiati e brevettati per migliorare il benessere animale all&#8217;interno della stalla.<\/p>\n<p style=\"text-align: justify;\"><strong>SAND SAVER<br \/>\n<\/strong>Alla New Farms siamo profondamente convinti della necessit\u00e0 di prodotti eccelsi sul mercato, per andare in contro come si deve ai bisogni e i desideri degli allevatori, e pertanto ci impegniamo a fondo in questo.<br \/>\nI nostri <em>sand saver<\/em> sono collocabili tra quelli pi\u00f9 innovativi ed efficienti in circolazione, come risulta, ad esempio, dal <a href=\"http:\/\/www.newfarms.it\/wp-content\/uploads\/2016\/08\/StudioUniversitaPiacenza.pdf\">rapporto di ricerca<\/a> a cura dell&#8217;Universit\u00e0 Cattolica del Sacro Cuore di Piacenza e relativo alla limitazione del consumo del materiale da lettiera attraverso l&#8217;impiego dei prodotti New Farms. Infatti, La sperimentazione diretta sul campo del <span style=\"text-decoration: underline;\">Blister<\/span> ha dimostrato, in tempi brevissimi, che l&#8217;impiego della sabbia come materiale da lettiera per le vacche ad alta produzione e soggette a stress da caldo, \u00e8 auspicabile, oltre che possibile. Una lettiera in sabbia riduce la carica microbica in cuccetta ed \u00e8 anche un ambiente fresco d&#8217;estate; eppure, senza un opportuno accorgimento che ne eviti lo spargimento da parte degli animali, essa sarebbe inutile. Infatti, laddove il <span style=\"text-decoration: underline;\">Blister<\/span> \u00e8 stato installato in cuccetta, \u00e8 stato riscontrato un grado di svuotamento molto minore rispetto alle cuccette normali: la sabbia fresca attira gli animali, cos\u00ec, durante le giornate pi\u00f9 calde, essi intraprendono vere e proprie attivit\u00e0 di gioco, scavando con gli arti anteriori fino a lanciarsi la sabbia sulla groppa, forse per rinfrescarsi; pertanto, senza la tecnologia New Farms, tutto ci\u00f2 comporterebbe rabbocchi frequenti, mentre invece, per effetto del <span style=\"text-decoration: underline;\">Blister<\/span>, la sabbia rimane stabilmente nelle sue celle. Senza bisogno di ulteriori apporti.<\/p>\n<p>[\/et_pb_text][\/et_pb_column][\/et_pb_row][et_pb_row admin_label=&#8221;Riga&#8221;][et_pb_column type=&#8221;4_4&#8243;][et_pb_text admin_label=&#8221;Testo&#8221; background_layout=&#8221;light&#8221; text_orientation=&#8221;left&#8221; use_border_color=&#8221;off&#8221; border_color=&#8221;#ffffff&#8221; border_style=&#8221;solid&#8221;]<\/p>\n<p style=\"text-align: center;\"><strong>VISIONE:\u00a0<\/strong><\/p>\n<p style=\"text-align: justify;\">Vogliamo dare agli allevatori di tutto il mondo l&#8217;opportunit\u00e0 di ricreare in cuccetta un ambiente di riposo il pi\u00f9 simile possibile a quello naturale. Con tutti i vantaggi che esso comporta.<\/p>\n<p style=\"text-align: center;\"><strong>MISSIONE:\u00a0<\/strong><\/p>\n<p>Ci occupiamo del riposo in cuccetta per migliorare la qualit\u00e0 della vita dei vostri animali, ovunque.<\/p>\n<p>[\/et_pb_text][\/et_pb_column][\/et_pb_row][et_pb_row admin_label=&#8221;Riga&#8221;][et_pb_column type=&#8221;1_2&#8243;][et_pb_image admin_label=&#8221;Immagine&#8221; src=&#8221;http:\/\/www.newfarms.it\/wp-content\/uploads\/2016\/08\/643916-834b-GB-PZ.jpg&#8221; show_in_lightbox=&#8221;off&#8221; url_new_window=&#8221;off&#8221; use_overlay=&#8221;off&#8221; animation=&#8221;left&#8221; sticky=&#8221;off&#8221; align=&#8221;left&#8221; force_fullwidth=&#8221;off&#8221; always_center_on_mobile=&#8221;on&#8221; use_border_color=&#8221;off&#8221; border_color=&#8221;#ffffff&#8221; border_style=&#8221;solid&#8221;] [\/et_pb_image][et_pb_image admin_label=&#8221;Immagine&#8221; src=&#8221;http:\/\/www.newfarms.it\/wp-content\/uploads\/2016\/08\/643716-834-GB-PZ.jpg&#8221; show_in_lightbox=&#8221;off&#8221; url_new_window=&#8221;off&#8221; use_overlay=&#8221;off&#8221; animation=&#8221;left&#8221; sticky=&#8221;off&#8221; align=&#8221;left&#8221; force_fullwidth=&#8221;off&#8221; always_center_on_mobile=&#8221;on&#8221; use_border_color=&#8221;off&#8221; border_color=&#8221;#ffffff&#8221; border_style=&#8221;solid&#8221;] [\/et_pb_image][et_pb_image admin_label=&#8221;Immagine&#8221; src=&#8221;http:\/\/www.newfarms.it\/wp-content\/uploads\/2016\/08\/643816-834a-GB-PZ.jpg&#8221; show_in_lightbox=&#8221;off&#8221; url_new_window=&#8221;off&#8221; use_overlay=&#8221;off&#8221; animation=&#8221;left&#8221; sticky=&#8221;off&#8221; align=&#8221;left&#8221; force_fullwidth=&#8221;off&#8221; always_center_on_mobile=&#8221;on&#8221; use_border_color=&#8221;off&#8221; border_color=&#8221;#ffffff&#8221; border_style=&#8221;solid&#8221;] [\/et_pb_image][\/et_pb_column][et_pb_column type=&#8221;1_2&#8243;][et_pb_text admin_label=&#8221;Testo&#8221; background_layout=&#8221;light&#8221; text_orientation=&#8221;justified&#8221; use_border_color=&#8221;off&#8221; border_color=&#8221;#ffffff&#8221; border_style=&#8221;solid&#8221;]<\/p>\n<p style=\"text-align: justify;\"><strong>CERTIFICAZIONI DLG<\/strong><br \/>\nPer ottenere un prodotto cos\u00ec amato dai nostri clienti, noi di New Farms abbiamo cercato fin da principio i materiali giusti da impiegare nel processo produttivo; e una volta sicuri dell&#8217;alta qualit\u00e0 di quanto ottenuto, abbiamo pensato di applicare un periodo di garanzia di 3 anni sulla durata dei nostri prodotti. Ci\u00f2 che sta nel mezzo \u00e8 presto illustrato dai risultati dei rigorosi test qualitativi DLG ai quali <span style=\"text-decoration: underline;\">Blister<\/span> \u00e8 stato sottoposto. Ad esempio:<\/p>\n<p style=\"text-align: justify;\"><span style=\"text-decoration: underline;\">FOKUS TEST<\/span> :<\/p>\n<p>&#8211; resistenza agli acidi con esito straordinario<\/p>\n<p>&#8211; valutazione delle articolazioni degli animali con esito straordinario. In questo caso, 105 vacche in 3 diversi allevamenti sono state esaminate dopo il secondo trimestre di lattazione e nel 96,4% dei casi erano in perfetto stato di salute. L&#8217;esito del test \u00e8 riportato <a href=\"http:\/\/www.newfarms.it\/wp-content\/uploads\/2016\/09\/6179F_e.pdf\">qui<\/a>.<\/p>\n<p><span style=\"text-decoration: underline;\">SIGNUM TEST<\/span> :<\/p>\n<p>&#8211; eccellente resistenza all&#8217;usura della gomma<\/p>\n<p>&#8211; periodo di deformazione della gomma eccezionalmente breve<\/p>\n<p><span style=\"text-decoration: underline;\">BTS TEST<\/span><\/p>\n<p>Il Blister realizzato da New Farms \u00e8 stato altres\u00ec testato secondo i parametri del test &#8220;BTS Cattle1&#8221;.<br \/>\nTutti i requisiti del programma BTS (<em>Swiss Ethics Programme Ordinance<\/em> del 25 giugno 2008, allegato 3) sono stati soddisfatti.<\/p>\n<p>[\/et_pb_text][\/et_pb_column][\/et_pb_row][et_pb_row admin_label=&#8221;Riga&#8221;][et_pb_column type=&#8221;1_2&#8243;][et_pb_image admin_label=&#8221;Immagine&#8221; src=&#8221;http:\/\/www.newfarms.it\/wp-content\/uploads\/2016\/08\/91_ISO9001_rgb_180.jpg&#8221; show_in_lightbox=&#8221;off&#8221; url_new_window=&#8221;off&#8221; use_overlay=&#8221;off&#8221; animation=&#8221;left&#8221; sticky=&#8221;off&#8221; align=&#8221;left&#8221; force_fullwidth=&#8221;off&#8221; always_center_on_mobile=&#8221;on&#8221; use_border_color=&#8221;off&#8221; border_color=&#8221;#ffffff&#8221; border_style=&#8221;solid&#8221;] [\/et_pb_image][\/et_pb_column][et_pb_column type=&#8221;1_2&#8243;][et_pb_text admin_label=&#8221;Testo&#8221; background_layout=&#8221;light&#8221; text_orientation=&#8221;justified&#8221; use_border_color=&#8221;off&#8221; border_color=&#8221;#ffffff&#8221; border_style=&#8221;solid&#8221;]<\/p>\n<p style=\"text-align: justify;\"><strong>CERTIFICAZIONE UNI EN ISO 9001 2015<br \/>\n<\/strong>A partire da Ottobre 2017, l&#8217;azienda \u00e8 certificata ISO 9001<\/p>\n<p>&nbsp;<\/p>\n<p>[\/et_pb_text][\/et_pb_column][\/et_pb_row][\/et_pb_section]<\/p>\n","protected":false},"excerpt":{"rendered":"<p>La ditta New Farms \u00e8 presente sui mercati italiano ed europeo con materassi per vacca realizzati in gomma, studiati e brevettati per migliorare il benessere animale all&#8217;interno della stalla. SAND SAVER Alla New Farms siamo profondamente convinti della necessit\u00e0 di prodotti eccelsi sul mercato, per andare in contro come si deve ai bisogni e i [&hellip;]<\/p>\n","protected":false},"author":1,"featured_media":0,"parent":0,"menu_order":0,"comment_status":"closed","ping_status":"closed","template":"","meta":{"_et_pb_use_builder":"on","_et_pb_old_content":"","_et_gb_content_width":"","footnotes":""},"class_list":["post-12534","page","type-page","status-publish","hentry"],"jetpack_sharing_enabled":true,"jetpack_shortlink":"https:\/\/wp.me\/P8bcOk-3ga","_links":{"self":[{"href":"https:\/\/www.newfarms.it\/index.php?rest_route=\/wp\/v2\/pages\/12534","targetHints":{"allow":["GET"]}}],"collection":[{"href":"https:\/\/www.newfarms.it\/index.php?rest_route=\/wp\/v2\/pages"}],"about":[{"href":"https:\/\/www.newfarms.it\/index.php?rest_route=\/wp\/v2\/types\/page"}],"author":[{"embeddable":true,"href":"https:\/\/www.newfarms.it\/index.php?rest_route=\/wp\/v2\/users\/1"}],"replies":[{"embeddable":true,"href":"https:\/\/www.newfarms.it\/index.php?rest_route=%2Fwp%2Fv2%2Fcomments&post=12534"}],"version-history":[{"count":24,"href":"https:\/\/www.newfarms.it\/index.php?rest_route=\/wp\/v2\/pages\/12534\/revisions"}],"predecessor-version":[{"id":13560,"href":"https:\/\/www.newfarms.it\/index.php?rest_route=\/wp\/v2\/pages\/12534\/revisions\/13560"}],"wp:attachment":[{"href":"https:\/\/www.newfarms.it\/index.php?rest_route=%2Fwp%2Fv2%2Fmedia&parent=12534"}],"curies":[{"name":"wp","href":"https:\/\/api.w.org\/{rel}","templated":true}]}}