{"id":12548,"date":"2016-08-03T16:54:26","date_gmt":"2016-08-03T14:54:26","guid":{"rendered":"http:\/\/www.davidedancelli.it\/demositi\/?page_id=12548"},"modified":"2018-10-16T09:03:53","modified_gmt":"2018-10-16T09:03:53","slug":"prodotti","status":"publish","type":"page","link":"https:\/\/www.newfarms.it\/?page_id=12548","title":{"rendered":"Prodotti"},"content":{"rendered":"<p>[et_pb_section admin_label=&#8221;Sezione&#8221; fullwidth=&#8221;on&#8221; specialty=&#8221;off&#8221; background_image=&#8221;http:\/\/www.newfarms.it\/wp-content\/uploads\/2014\/02\/New-farms-blister-4.jpg&#8221; transparent_background=&#8221;off&#8221; allow_player_pause=&#8221;off&#8221; inner_shadow=&#8221;off&#8221; parallax=&#8221;off&#8221; parallax_method=&#8221;off&#8221; padding_mobile=&#8221;off&#8221; make_fullwidth=&#8221;off&#8221; use_custom_width=&#8221;off&#8221; width_unit=&#8221;on&#8221; make_equal=&#8221;off&#8221; use_custom_gutter=&#8221;off&#8221; background_color=&#8221;#ffffff&#8221;][et_pb_fullwidth_post_title admin_label=&#8221;Titolo Post a Larghezza Intera&#8221; title=&#8221;on&#8221; meta=&#8221;off&#8221; author=&#8221;on&#8221; date=&#8221;on&#8221; categories=&#8221;on&#8221; comments=&#8221;on&#8221; featured_image=&#8221;off&#8221; featured_placement=&#8221;below&#8221; parallax_effect=&#8221;on&#8221; parallax_method=&#8221;on&#8221; text_orientation=&#8221;center&#8221; text_color=&#8221;light&#8221; text_background=&#8221;off&#8221; text_bg_color=&#8221;rgba(255,255,255,0.9)&#8221; module_bg_color=&#8221;rgba(255,255,255,0)&#8221; title_all_caps=&#8221;off&#8221; use_border_color=&#8221;off&#8221; border_color=&#8221;#ffffff&#8221; border_style=&#8221;solid&#8221;] [\/et_pb_fullwidth_post_title][\/et_pb_section][et_pb_section admin_label=&#8221;Sezione&#8221; fullwidth=&#8221;off&#8221; specialty=&#8221;off&#8221;][et_pb_row admin_label=&#8221;Riga&#8221;][et_pb_column type=&#8221;4_4&#8243;][et_pb_text admin_label=&#8221;titolo blister&#8221; background_layout=&#8221;light&#8221; text_orientation=&#8221;left&#8221; use_border_color=&#8221;off&#8221; border_color=&#8221;#ffffff&#8221; border_style=&#8221;solid&#8221;]<\/p>\n<h2 style=\"text-align: center;\"><strong>Blister<\/strong><\/h2>\n<p>[\/et_pb_text][\/et_pb_column][\/et_pb_row][et_pb_row admin_label=&#8221;Riga&#8221;][et_pb_column type=&#8221;1_2&#8243;][et_pb_image admin_label=&#8221;Immagine&#8221; src=&#8221;http:\/\/www.newfarms.it\/wp-content\/uploads\/2016\/08\/B-11311-02.jpg&#8221; show_in_lightbox=&#8221;off&#8221; url_new_window=&#8221;off&#8221; use_overlay=&#8221;off&#8221; animation=&#8221;top&#8221; sticky=&#8221;off&#8221; align=&#8221;left&#8221; force_fullwidth=&#8221;off&#8221; always_center_on_mobile=&#8221;on&#8221; use_border_color=&#8221;off&#8221; border_color=&#8221;#ffffff&#8221; border_style=&#8221;solid&#8221;] [\/et_pb_image][\/et_pb_column][et_pb_column type=&#8221;1_2&#8243;][et_pb_text admin_label=&#8221;Testo&#8221; background_layout=&#8221;light&#8221; text_orientation=&#8221;left&#8221; use_border_color=&#8221;off&#8221; border_color=&#8221;#ffffff&#8221; border_style=&#8221;solid&#8221;]<\/p>\n<p style=\"text-align: justify;\">I tradizionali materassi per vacca (in gomma, tessuto, o simili) spesso causano abrasioni, traumi o ferite alla pelle degli animali. Tuttavia, tali ostacoli al benessere del bestiame, possono essere superati impiegando la sabbia nella cuccetta: in questo modo la proliferazione di microbi viene ostacolata e perci\u00f2 ridotta, mentre le abrasioni sono quasi del tutto assenti. In aggiunta, una maggiore permanenza degli animali all&#8217;interno delle cuccette (fino a 14 ore al giorno) \u00e8 assicurata dall&#8217;impiego del materiale inerte.<br \/>\nAnche se piuttosto comune in America ed in nord Europa, l&#8217;impiego della sola sabbia pu\u00f2 causare delle vere e proprie seccature: infatti pu\u00f2 causare avvallamenti e buche all&#8217;interno della cuccetta; e in secondo luogo la fuoriuscita della sabbia dalle cuccette stesse tutte le volte che gli animali lasciano il loro giaciglio. Tutto ci\u00f2 pu\u00f2 causare otturazioni e precoce usura sia per le vasche di stoccaggio sia per le pompe.<br \/>\nGrazie alla capacit\u00e0 del <span style=\"text-decoration: underline;\">Blister<\/span> di trattenere l&#8217;inerte all&#8217;interno delle sue 35 celle, le aspettative degli allevatori verso un sicuro sistema di impiego della sabbia in cuccetta vengono pienamente soddisfatte.<\/p>\n<p><a href=\"http:\/\/www.newfarms.it\/wp-content\/uploads\/2016\/10\/italiano_new.pdf\" target=\"_blank\">New Farms depliant (scarica PDF)<\/a><\/p>\n<p>[\/et_pb_text][\/et_pb_column][\/et_pb_row][et_pb_row admin_label=&#8221;Riga&#8221;][et_pb_column type=&#8221;4_4&#8243;][et_pb_text admin_label=&#8221;scheda tecnica&#8221; background_layout=&#8221;light&#8221; text_orientation=&#8221;left&#8221; use_border_color=&#8221;off&#8221; border_color=&#8221;#ffffff&#8221; border_style=&#8221;solid&#8221;]<\/p>\n<h2 style=\"text-align: center;\"><strong>Scheda tecnica<\/strong><\/h2>\n<p>[\/et_pb_text][\/et_pb_column][\/et_pb_row][et_pb_row admin_label=&#8221;Riga&#8221;][et_pb_column type=&#8221;1_2&#8243;][et_pb_text admin_label=&#8221;Testo&#8221; background_layout=&#8221;light&#8221; text_orientation=&#8221;left&#8221; use_border_color=&#8221;off&#8221; border_color=&#8221;#ffffff&#8221; border_style=&#8221;solid&#8221;]<\/p>\n<p style=\"text-align: justify;\"><strong>COMPOSIZIONE<\/strong><br \/>\nAgglomerato di granuli di gomma derivati da pneumatici fuori uso e legati per mezzo di resine poliuretaniche. .<br \/>\nIl <em>sand saver<\/em> <span style=\"text-decoration: underline;\">Blister<\/span> \u00e8 un prodotto con elevate propriet\u00e0 meccaniche:<\/p>\n<ul style=\"text-align: justify;\">\n<li>calpestabile<\/li>\n<li>resistente agli urti<\/li>\n<li>con memoria elastica e indeformabilit\u00e0 sotto carichi permanenti<\/li>\n<\/ul>\n<p style=\"text-align: justify;\"><strong><br \/>\nCARATTERISTICHE CHIMICO-FISICHE<\/strong><br \/>\nIl <em>sand saver<\/em> <span style=\"text-decoration: underline;\">Blister<\/span> \u00e8 resistente agli attacchi di insetti, microbi e funghi; e non accumula cariche elettrostatiche. \u00c8 altamente resistente agli acidi e non imputridisce. Le sue caratteristiche rimangono inalterate nel tempo. Il prodotto \u00e8 riciclabile al 100%.<\/p>\n<p>[\/et_pb_text][et_pb_text admin_label=&#8221;Testo&#8221; background_layout=&#8221;light&#8221; text_orientation=&#8221;left&#8221; use_border_color=&#8221;off&#8221; border_color=&#8221;#ffffff&#8221; border_style=&#8221;solid&#8221;] [\/et_pb_text][et_pb_text admin_label=&#8221;Testo&#8221; background_layout=&#8221;light&#8221; text_orientation=&#8221;left&#8221; use_border_color=&#8221;off&#8221; border_color=&#8221;#ffffff&#8221; border_style=&#8221;solid&#8221;]<\/p>\n<p style=\"text-align: justify;\"><strong>INSTALLAZIONE<\/strong><br \/>\n&#8211; Fissare il <span style=\"text-decoration: underline;\">Blister<\/span> al fondo in cemento della cuccetta per mezzo di 13 tasselli a espansione \u00d8 8mm x 120mm.<br \/>\n&#8211; Riempire il <span style=\"text-decoration: underline;\">Blister<\/span> con sabbia umida e sporca (circa 3 cm oltre la superficie del materasso, poich\u00e9 in pochi giorni il peso dell&#8217;animale \u00a0 \u00a0eserciter\u00e0 una pressione sufficiente a far raggiungere alla sabbia il livello della superficie del materasso);<br \/>\n&#8211; Coprire il <span style=\"text-decoration: underline;\">Blister<\/span> con uno strato di 5 cm di paglia tritata, paglia pellettata, o ulteriore sabbia.<br \/>\nsuccessivamente, l&#8217;allevatore deve continuare a prendersi cura delle cuccette: bench\u00e9 dopo la prima settimana di adattamento la sabbia risulti compatta e ben pressata dentro le celle del <em>sand saver<\/em>, e non sia pi\u00f9 necessario aggiungere ulteriore sabbia, \u00e8 tuttavia necessario rinnovare lo strato superficiale di paglia ogni 8 \/ 10 giorni circa.<\/p>\n<p>[\/et_pb_text][\/et_pb_column][et_pb_column type=&#8221;1_2&#8243;][et_pb_text admin_label=&#8221;tabella&#8221; background_layout=&#8221;light&#8221; text_orientation=&#8221;left&#8221; use_border_color=&#8221;off&#8221; border_color=&#8221;#ffffff&#8221; border_style=&#8221;solid&#8221;]<\/p>\n<table style=\"height: 449px;\" width=\"218\" cellspacing=\"0\" cellpadding=\"0\">\n<tbody>\n<tr>\n<td valign=\"top\"><\/td>\n<td valign=\"top\"><\/td>\n<td valign=\"top\"><\/td>\n<\/tr>\n<tr>\n<td valign=\"top\"><span style=\"color: #000000; font-family: Helvetica; font-size: small;\">peso <\/span><\/td>\n<td valign=\"top\">\n<p align=\"right\"><span style=\"color: #000000; font-family: Helvetica; font-size: small;\">50<\/span><\/p>\n<\/td>\n<td valign=\"top\"><span style=\"color: #000000; font-family: Helvetica; font-size: small;\">kg <\/span><\/td>\n<\/tr>\n<tr>\n<td valign=\"top\"><span style=\"color: #000000; font-family: Helvetica; font-size: small;\">spessore <\/span><\/td>\n<td valign=\"top\">\n<p align=\"right\"><span style=\"color: #000000; font-family: Helvetica; font-size: small;\">2,2<\/span><\/p>\n<\/td>\n<td valign=\"top\"><span style=\"color: #000000; font-family: Helvetica; font-size: small;\">cm <\/span><\/td>\n<\/tr>\n<tr>\n<td valign=\"top\"><span style=\"color: #000000; font-family: Helvetica; font-size: small;\">altezza <\/span><\/td>\n<td valign=\"top\">\n<p align=\"right\"><span style=\"color: #000000; font-family: Helvetica; font-size: small;\">11<\/span><\/p>\n<\/td>\n<td valign=\"top\"><span style=\"color: #000000; font-family: Helvetica; font-size: small;\">cm <\/span><\/td>\n<\/tr>\n<tr>\n<td valign=\"top\"><span style=\"color: #000000; font-family: Helvetica; font-size: small;\">larghezza <\/span><\/td>\n<td valign=\"top\">\n<p align=\"right\"><span style=\"color: #000000; font-family: Helvetica; font-size: small;\">113<\/span><\/p>\n<\/td>\n<td valign=\"top\"><span style=\"color: #000000; font-family: Helvetica; font-size: small;\">cm <\/span><\/td>\n<\/tr>\n<tr>\n<td valign=\"top\"><span style=\"color: #000000; font-family: Helvetica; font-size: small;\">lunghezza <\/span><\/td>\n<td valign=\"top\">\n<p align=\"right\"><span style=\"color: #000000; font-family: Helvetica; font-size: small;\">153<\/span><\/p>\n<\/td>\n<td valign=\"top\"><span style=\"color: #000000; font-family: Helvetica; font-size: small;\">cm <\/span><\/td>\n<\/tr>\n<tr>\n<td valign=\"top\"><span style=\"color: #000000; font-family: Helvetica; font-size: small;\">temperatura d&#8217;impiego <\/span><\/td>\n<td valign=\"top\">\n<p align=\"right\"><span style=\"color: #000000; font-family: Helvetica; font-size: small;\">-85 +105<\/span><\/p>\n<\/td>\n<td valign=\"top\"><span style=\"color: #000000; font-family: Helvetica; font-size: small;\">\u00b0C <\/span><\/td>\n<\/tr>\n<tr>\n<td valign=\"top\"><\/td>\n<td valign=\"top\"><\/td>\n<td valign=\"top\"><\/td>\n<\/tr>\n<\/tbody>\n<\/table>\n<p>[\/et_pb_text][et_pb_text admin_label=&#8221;links download&#8221; background_layout=&#8221;light&#8221; text_orientation=&#8221;left&#8221; use_border_color=&#8221;off&#8221; border_color=&#8221;#ffffff&#8221; border_style=&#8221;solid&#8221;]<\/p>\n<p><a href=\"http:\/\/www.newfarms.it\/wp-content\/uploads\/2016\/10\/montaggio-blister-13-fori-ITALIANO-1.pdf\" target=\"_blank\">Schema Montaggio Blister<\/a><\/p>\n<p>[\/et_pb_text][et_pb_image admin_label=&#8221;Immagine&#8221; src=&#8221;http:\/\/www.newfarms.it\/wp-content\/uploads\/2014\/02\/Heig.2.jpg&#8221; show_in_lightbox=&#8221;off&#8221; url_new_window=&#8221;off&#8221; use_overlay=&#8221;off&#8221; animation=&#8221;right&#8221; sticky=&#8221;off&#8221; align=&#8221;left&#8221; force_fullwidth=&#8221;off&#8221; always_center_on_mobile=&#8221;on&#8221; use_border_color=&#8221;off&#8221; border_color=&#8221;#ffffff&#8221; border_style=&#8221;solid&#8221;] [\/et_pb_image][\/et_pb_column][\/et_pb_row][et_pb_row admin_label=&#8221;Riga&#8221;][et_pb_column type=&#8221;4_4&#8243;][et_pb_text admin_label=&#8221;Testo&#8221; background_layout=&#8221;light&#8221; text_orientation=&#8221;left&#8221; use_border_color=&#8221;off&#8221; border_color=&#8221;#ffffff&#8221; border_style=&#8221;solid&#8221;]<\/p>\n<p style=\"text-align: justify;\"><strong>Precisazioni per il fissaggio<\/strong><br \/>\n\u00c8 raccomandabile fissare ogni pezzo in aderenza l&#8217;uno con il successivo a partire dal muro della prima cuccetta. Questo per alleggerire lo sforzo sulle viti di ancoraggio.<br \/>\n\u00c8 importante altres\u00ec installare il <em>sand saver<\/em> a una distanza di circa 8 cm dal cordolo posteriore della cuccetta. Questo per non sovraccaricare eccessivamente la parte anteriore del materasso quando l&#8217;animale si piega in avanti per coricarsi.<\/p>\n<p>[\/et_pb_text][\/et_pb_column][\/et_pb_row][et_pb_row admin_label=&#8221;Riga&#8221;][et_pb_column type=&#8221;4_4&#8243;][et_pb_text admin_label=&#8221;snooker&#8221; background_layout=&#8221;light&#8221; text_orientation=&#8221;left&#8221; use_border_color=&#8221;off&#8221; border_color=&#8221;#ffffff&#8221; border_style=&#8221;solid&#8221;]<\/p>\n<h2 style=\"text-align: center;\"><strong>Snooker<\/strong><\/h2>\n<p>[\/et_pb_text][\/et_pb_column][\/et_pb_row][et_pb_row admin_label=&#8221;Riga&#8221;][et_pb_column type=&#8221;1_2&#8243;][et_pb_image admin_label=&#8221;Immagine&#8221; src=&#8221;http:\/\/www.newfarms.it\/wp-content\/uploads\/2016\/08\/P1010863.JPG-02.jpg&#8221; show_in_lightbox=&#8221;off&#8221; url_new_window=&#8221;off&#8221; use_overlay=&#8221;off&#8221; animation=&#8221;top&#8221; sticky=&#8221;off&#8221; align=&#8221;left&#8221; force_fullwidth=&#8221;off&#8221; always_center_on_mobile=&#8221;on&#8221; use_border_color=&#8221;off&#8221; border_color=&#8221;#ffffff&#8221; border_style=&#8221;solid&#8221;] [\/et_pb_image][\/et_pb_column][et_pb_column type=&#8221;1_2&#8243;][et_pb_text admin_label=&#8221;Testo&#8221; background_layout=&#8221;light&#8221; text_orientation=&#8221;left&#8221; use_border_color=&#8221;off&#8221; border_color=&#8221;#ffffff&#8221; border_style=&#8221;solid&#8221;]<\/p>\n<p style=\"text-align: justify;\">New Farms ha lanciato sul mercato <span style=\"text-decoration: underline;\">Snooker<\/span>, il <em>sand saver<\/em> per cuccette piane.<br \/>\n<span style=\"text-decoration: underline;\">Snooker<\/span> mantiene invariate le funzionalit\u00e0 e le qualit\u00e0 del sistema <span style=\"text-decoration: underline;\">Blister<\/span>.<\/p>\n<p style=\"text-align: justify;\"><strong>INSTALLAZIONE<\/strong><br \/>\n&#8211; Fissare lo <span style=\"text-decoration: underline;\">Snooker<\/span> al fondo in cemento della cuccetta per mezzo di 14 tasselli a espansione \u00d8 8mm x 120mm.<br \/>\n&#8211; Riempire lo <span style=\"text-decoration: underline;\">Snooker<\/span> con sabbia umida e sporca (circa 3 cm oltre la superficie del materasso, poich\u00e9 in pochi giorni il peso dell&#8217;animale eserciter\u00e0 una pressione sufficiente a far raggiungere alla sabbia il livello della superficie del materasso);<br \/>\n&#8211; Coprire lo <span style=\"text-decoration: underline;\">Snooker<\/span> con uno strato di 5 cm di paglia tritata, paglia pellettata, o ulteriore sabbia.<br \/>\nsuccessivamente, l&#8217;allevatore deve continuare a prendersi cura delle cuccette. Bench\u00e9 dopo la prima settimana di adattamento la sabbia risulti compatta e ben pressata dentro le celle del <em>sand saver<\/em>, e non sia pi\u00f9 necessario aggiungere ulteriore sabbia, \u00e8 tuttavia necessario rinnovare lo strato superficiale di paglia ogni 8 \/ 10 giorni circa.<\/p>\n<p>[\/et_pb_text][\/et_pb_column][\/et_pb_row][et_pb_row admin_label=&#8221;Riga&#8221;][et_pb_column type=&#8221;4_4&#8243;][et_pb_text admin_label=&#8221;Testo&#8221; background_layout=&#8221;light&#8221; text_orientation=&#8221;left&#8221; use_border_color=&#8221;off&#8221; border_color=&#8221;#ffffff&#8221; border_style=&#8221;solid&#8221;]<\/p>\n<p style=\"text-align: justify;\"><strong>VANTAGGI DATI DAI NOSTRI PRODOTTI<\/strong><\/p>\n<ul>\n<li style=\"text-align: justify;\">Scomparsa di abrasioni e ferite ai garretti;<\/li>\n<li style=\"text-align: justify;\">Considerevole riduzione dei rabbocchi della sabbia in cuccetta;<\/li>\n<li style=\"text-align: justify;\">Scomparsa di buche e avvallamenti in cuccetta. Gli animali si coricano su una superficie regolare che favorisce il riposo e la ruminazione;<\/li>\n<li style=\"text-align: justify;\">Aumento della permanenza quotidiana in cuccetta, soprattutto in estate;<\/li>\n<li style=\"text-align: justify;\">Riduzione dei costi dovuti a danni e ferite ai garretti;<\/li>\n<li style=\"text-align: justify;\">Riduzione delle mastiti e perci\u00f2 del numero delle cellule somatiche nel latte;<\/li>\n<li style=\"text-align: justify;\">Animali\u00a0 puliti;<\/li>\n<\/ul>\n<p>[\/et_pb_text][\/et_pb_column][\/et_pb_row][et_pb_row admin_label=&#8221;Riga&#8221;][et_pb_column type=&#8221;4_4&#8243;][et_pb_text admin_label=&#8221;Testo&#8221; background_layout=&#8221;light&#8221; text_orientation=&#8221;left&#8221; use_border_color=&#8221;off&#8221; border_color=&#8221;#ffffff&#8221; border_style=&#8221;solid&#8221;]<\/p>\n<p style=\"text-align: center;\"><strong>GARANZIA<\/strong><\/p>\n<p>I prodotti New Farms sono garantiti per la durata di 3 anni.<\/p>\n<p>La garanzia \u00e8 valida solo se l\u2019installazione viene portata a compimento correttamente, ovvero assicurando i materassi ad un fondo in cemento e seguendo lo schema di montaggio allegato al momento della consegna.<\/p>\n<p>[\/et_pb_text][\/et_pb_column][\/et_pb_row][et_pb_row admin_label=&#8221;Riga&#8221;][et_pb_column type=&#8221;4_4&#8243;][et_pb_gallery admin_label=&#8221;Galleria&#8221; gallery_ids=&#8221;12525,12517,12825,12829,13282,13334,13330,13326&#8243; fullwidth=&#8221;off&#8221; posts_number=&#8221;20&#8243; show_title_and_caption=&#8221;on&#8221; show_pagination=&#8221;off&#8221; background_layout=&#8221;light&#8221; auto=&#8221;off&#8221; hover_overlay_color=&#8221;rgba(255,255,255,0.9)&#8221; caption_all_caps=&#8221;off&#8221; use_border_color=&#8221;off&#8221; border_color=&#8221;#ffffff&#8221; border_style=&#8221;solid&#8221;] [\/et_pb_gallery][\/et_pb_column][\/et_pb_row][\/et_pb_section]<\/p>\n","protected":false},"excerpt":{"rendered":"<p>Blister I tradizionali materassi per vacca (in gomma, tessuto, o simili) spesso causano abrasioni, traumi o ferite alla pelle degli animali. Tuttavia, tali ostacoli al benessere del bestiame, possono essere superati impiegando la sabbia nella cuccetta: in questo modo la proliferazione di microbi viene ostacolata e perci\u00f2 ridotta, mentre le abrasioni sono quasi del tutto [&hellip;]<\/p>\n","protected":false},"author":1,"featured_media":0,"parent":0,"menu_order":0,"comment_status":"closed","ping_status":"closed","template":"","meta":{"_et_pb_use_builder":"on","_et_pb_old_content":"","_et_gb_content_width":"","jetpack_post_was_ever_published":false,"footnotes":""},"class_list":["post-12548","page","type-page","status-publish","hentry"],"jetpack_sharing_enabled":true,"jetpack_shortlink":"https:\/\/wp.me\/P8bcOk-3go","_links":{"self":[{"href":"https:\/\/www.newfarms.it\/index.php?rest_route=\/wp\/v2\/pages\/12548","targetHints":{"allow":["GET"]}}],"collection":[{"href":"https:\/\/www.newfarms.it\/index.php?rest_route=\/wp\/v2\/pages"}],"about":[{"href":"https:\/\/www.newfarms.it\/index.php?rest_route=\/wp\/v2\/types\/page"}],"author":[{"embeddable":true,"href":"https:\/\/www.newfarms.it\/index.php?rest_route=\/wp\/v2\/users\/1"}],"replies":[{"embeddable":true,"href":"https:\/\/www.newfarms.it\/index.php?rest_route=%2Fwp%2Fv2%2Fcomments&post=12548"}],"version-history":[{"count":38,"href":"https:\/\/www.newfarms.it\/index.php?rest_route=\/wp\/v2\/pages\/12548\/revisions"}],"predecessor-version":[{"id":13567,"href":"https:\/\/www.newfarms.it\/index.php?rest_route=\/wp\/v2\/pages\/12548\/revisions\/13567"}],"wp:attachment":[{"href":"https:\/\/www.newfarms.it\/index.php?rest_route=%2Fwp%2Fv2%2Fmedia&parent=12548"}],"curies":[{"name":"wp","href":"https:\/\/api.w.org\/{rel}","templated":true}]}}