{"id":13022,"date":"2016-12-29T10:10:33","date_gmt":"2016-12-29T10:10:33","guid":{"rendered":"http:\/\/www.newfarms.it\/?page_id=13022&#038;lang=de"},"modified":"2018-04-23T09:45:18","modified_gmt":"2018-04-23T09:45:18","slug":"testimonianze","status":"publish","type":"page","link":"https:\/\/www.newfarms.it\/?page_id=13022&lang=de","title":{"rendered":"Aussagen"},"content":{"rendered":"<p>[et_pb_section admin_label=&#8221;Sezione&#8221; fullwidth=&#8221;on&#8221; specialty=&#8221;off&#8221; background_image=&#8221;http:\/\/www.newfarms.it\/wp-content\/uploads\/2016\/08\/New-Farms-azienda-ok.jpg&#8221; transparent_background=&#8221;off&#8221; allow_player_pause=&#8221;off&#8221; inner_shadow=&#8221;off&#8221; parallax=&#8221;off&#8221; parallax_method=&#8221;off&#8221; padding_mobile=&#8221;off&#8221; make_fullwidth=&#8221;off&#8221; use_custom_width=&#8221;off&#8221; width_unit=&#8221;on&#8221; make_equal=&#8221;off&#8221; use_custom_gutter=&#8221;off&#8221; background_color=&#8221;#ffffff&#8221;][et_pb_fullwidth_post_title admin_label=&#8221;Titolo Post a Larghezza Intera&#8221; title=&#8221;on&#8221; meta=&#8221;off&#8221; author=&#8221;on&#8221; date=&#8221;on&#8221; categories=&#8221;on&#8221; comments=&#8221;on&#8221; featured_image=&#8221;off&#8221; featured_placement=&#8221;below&#8221; parallax_effect=&#8221;on&#8221; parallax_method=&#8221;on&#8221; text_orientation=&#8221;center&#8221; text_color=&#8221;light&#8221; text_background=&#8221;off&#8221; text_bg_color=&#8221;rgba(255,255,255,0.9)&#8221; module_bg_color=&#8221;rgba(255,255,255,0)&#8221; title_all_caps=&#8221;off&#8221; use_border_color=&#8221;off&#8221; border_color=&#8221;#ffffff&#8221; border_style=&#8221;solid&#8221;] [\/et_pb_fullwidth_post_title][\/et_pb_section][et_pb_section admin_label=&#8221;section&#8221;][et_pb_row admin_label=&#8221;row&#8221;][et_pb_column type=&#8221;1_2&#8243;][et_pb_image admin_label=&#8221;Immagine&#8221; src=&#8221;http:\/\/www.newfarms.it\/wp-content\/uploads\/2016\/12\/Pastorello-01-kompress.jpg&#8221; show_in_lightbox=&#8221;off&#8221; url_new_window=&#8221;off&#8221; use_overlay=&#8221;off&#8221; animation=&#8221;left&#8221; sticky=&#8221;off&#8221; align=&#8221;left&#8221; force_fullwidth=&#8221;off&#8221; always_center_on_mobile=&#8221;on&#8221; use_border_color=&#8221;off&#8221; border_color=&#8221;#ffffff&#8221; border_style=&#8221;solid&#8221;] [\/et_pb_image][\/et_pb_column][et_pb_column type=&#8221;1_2&#8243;][et_pb_text admin_label=&#8221;Testo&#8221; background_layout=&#8221;light&#8221; text_orientation=&#8221;justified&#8221; use_border_color=&#8221;off&#8221; border_color=&#8221;#ffffff&#8221; border_style=&#8221;solid&#8221;]<\/p>\n<p style=\"text-align: justify;\">Wir waren die ersten, welche die <span style=\"text-decoration: underline;\">Blister<\/span> vor zirka 9 Jahren installiert haben und somit k\u00f6nnen wir wirklich wichtige Aussagen treffen und nicht erst seit wenigen Monaten. Wenn jemand zu uns auf Besuch kommt sage ich immer bitte die Sprunggelenke betrachten nicht die <span style=\"text-decoration: underline;\">Blister-Sandbettmatten<\/span>. Ich sage, schauen Sie wie die K\u00fche sich abgelegt haben und wie sie aufstehen. Ich komme in viele andere Stallungen und sehe h\u00e4ufig die Sprunggelenke von ruinierten Tieren. Schauen Sie immer die Sprunggelenke der Tiere und nicht auf den der sie erkl\u00e4rt. Hier gibt es keine Kuh mit kaputten Sprunggelenken. Sie sehen keine Hematome und leidenden K\u00fche das ist das wichtigste.<br \/>\nIch kann nur das Beste \u00fcber die <span style=\"text-decoration: underline;\">Blister-Sandbettmatten<\/span> sagen. Wir haben leider noch einen Bereich wo noch keine <span style=\"text-decoration: underline;\">Blister-Sandbettmatten<\/span> sind und wir m\u00fcssen die Tiere unterteilen. Wir legen die gro\u00dfen K\u00fche auf <span style=\"text-decoration: underline;\">Blister-Sandbettmatten<\/span>, die F\u00e4rsen und Erstkalberinnen in normale Liegeboxen. Wenn wir das umgekehrt machen w\u00fcrden, w\u00e4re das f\u00fcr die \u00e4lteren Tiere ein Desaster, die k\u00f6nnten nicht mehr aufstehen! Die normale Tiefbox macht eine tiefe Wanne, man kann nichts dagegen machen! Die K\u00fche gehen hingegen zu den <span style=\"text-decoration: underline;\">Blister-Sandbettmatten<\/span> sonst k\u00f6nnten sie nicht aufstehen. In 9 Jahren habe ich niemehr Sand in den Matten nachgef\u00fcllt, wirklich nie. Das haben wir nur am Anfang gemacht. Es ist jetzt quasi eine Woche her, dass wir die Liegeboxen nicht mehr gemacht haben und deshalb f\u00fcllen wir heute Stroh nach. Wir haben eine Liegebox pro Kopf und die Tiere legen sich minimum 11 Stunden ab. Es geht ihnen gut und sie sind ruhig.<\/p>\n<p>Davide e Franceso Pastorello<br \/>\nSociet\u00e0 Ponticella &#8211; Mariana Mantovana (MN)<\/p>\n<p>[\/et_pb_text][\/et_pb_column][\/et_pb_row][\/et_pb_section][et_pb_section admin_label=&#8221;section&#8221;][et_pb_row admin_label=&#8221;row&#8221;][et_pb_column type=&#8221;1_2&#8243;][et_pb_image admin_label=&#8221;Immagine&#8221; src=&#8221;http:\/\/www.newfarms.it\/wp-content\/uploads\/2016\/12\/Ramazzotti-01-kompress.jpg&#8221; show_in_lightbox=&#8221;off&#8221; url_new_window=&#8221;off&#8221; use_overlay=&#8221;off&#8221; animation=&#8221;left&#8221; sticky=&#8221;off&#8221; align=&#8221;left&#8221; force_fullwidth=&#8221;off&#8221; always_center_on_mobile=&#8221;on&#8221; use_border_color=&#8221;off&#8221; border_color=&#8221;#ffffff&#8221; border_style=&#8221;solid&#8221;] [\/et_pb_image][\/et_pb_column][et_pb_column type=&#8221;1_2&#8243;][et_pb_text admin_label=&#8221;Testo&#8221; background_layout=&#8221;light&#8221; text_orientation=&#8221;justified&#8221; use_border_color=&#8221;off&#8221; border_color=&#8221;#ffffff&#8221; border_style=&#8221;solid&#8221;]<\/p>\n<p style=\"text-align: justify;\">F\u00fcr uns sind die <span style=\"text-decoration: underline;\">Blister-Sandbettmatten<\/span> das Synomym f\u00fcr Komfort. Mit dem Moment des Einbaus dieses Produkts haben wir eine Serie von Problemen mit physischen Sch\u00e4den unserer Tiere behoben. Wir haben die Lust notiert, welche die Tiere haben, nun l\u00e4nger in den Liegeboxen zu verbleiben. Heute in der Tat ruhen sie zirka 11 Stunden und wir haben die Pedometer die uns das zeigen, was zirka 1,5 Stunden mehr bedeutet als fr\u00fcher. Es gibt h\u00e4ufig Tageszeiten, wo keine einzige Liegebox frei ist.<\/p>\n<p>Luca Ramazzotti<br \/>\nSociet\u00e0 Agricola Cascina Sei Ore &#8211; Remedello (BS)<\/p>\n<p>[\/et_pb_text][\/et_pb_column][\/et_pb_row][\/et_pb_section][et_pb_section admin_label=&#8221;section&#8221;][et_pb_row admin_label=&#8221;row&#8221;][et_pb_column type=&#8221;1_2&#8243;][et_pb_image admin_label=&#8221;Immagine&#8221; src=&#8221;http:\/\/www.newfarms.it\/wp-content\/uploads\/2016\/12\/Fisch-01-kompress.jpg&#8221; show_in_lightbox=&#8221;off&#8221; url_new_window=&#8221;off&#8221; use_overlay=&#8221;off&#8221; animation=&#8221;left&#8221; sticky=&#8221;off&#8221; align=&#8221;left&#8221; force_fullwidth=&#8221;off&#8221; always_center_on_mobile=&#8221;on&#8221; use_border_color=&#8221;off&#8221; border_color=&#8221;#ffffff&#8221; border_style=&#8221;solid&#8221;] [\/et_pb_image][\/et_pb_column][et_pb_column type=&#8221;1_2&#8243;][et_pb_text admin_label=&#8221;Testo&#8221; background_layout=&#8221;light&#8221; text_orientation=&#8221;justified&#8221; use_border_color=&#8221;off&#8221; border_color=&#8221;#ffffff&#8221; border_style=&#8221;solid&#8221;]<\/p>\n<p style=\"text-align: justify;\">Wir sind unter den ersten Betrieben in Bayern, welche das <span style=\"text-decoration: underline;\">Blister-Sandbettmatten<\/span> System mit unseren Milchk\u00fchen getestet haben und sind extrem zufrieden. Seit eineinhalb Jahren nutzen wir die <span style=\"text-decoration: underline;\">Blister-Sandbettmatten<\/span> f\u00fcr unsere K\u00fche der Rasse Bayerisches Fleckvieh und Holsteiner mit optimaler Akzeptanz und einer hervorragenden Fell- und Sprunggelenksituation. Dank unserer Sandverwendung f\u00fcr die Liegebox haben wir eine hervorragende Liegeauslastung zwischen 11 bis 12 Stunden welche auch perfekt w\u00e4hrend des Hochsommers bleibt, wobei auch bei uns vor einem Jahr bis \u00fcber 35 Grad erreicht wurden.<br \/>\nMein bester Beweis meiner Zufriedenheit ist der Kauf weiterer 24 St\u00fcck <span style=\"text-decoration: underline;\">Blister-Sandbettmatten<\/span> f\u00fcr den Neustallanbau. Wir haben auch eine Biogasanlage und es war f\u00fcr uns von grunds\u00e4tzlicher Wichtigkeit, dass der leicht lehmhaltige Sand in den Liegeboxen fixiert bleibt. F\u00fcr die \u00dcberpflege der <span style=\"text-decoration: underline;\">Blister-Sandbettmatten<\/span> verwenden wir Dinkelspelzen Pellets f\u00fcr ausgezeichnete Trockenheit der Liegeboxen.<\/p>\n<p>Wolfgang und Christine Fisch<br \/>\nAbschluss: Agronom<br \/>\nAnbaufl\u00e4che : 100 ha<br \/>\nDerzeit 80 Milchk\u00fche<br \/>\nBiogasanlage : 230kW<\/p>\n<p>Bauernhof Wolfgang Fisch<br \/>\n94136 Thyrnau &#8211; Niederbayern (Deutschland)<\/p>\n<p>[\/et_pb_text][\/et_pb_column][\/et_pb_row][\/et_pb_section][et_pb_section admin_label=&#8221;section&#8221;][et_pb_row admin_label=&#8221;row&#8221;][et_pb_column type=&#8221;1_2&#8243;][et_pb_image admin_label=&#8221;Immagine&#8221; src=&#8221;http:\/\/www.newfarms.it\/wp-content\/uploads\/2016\/12\/Harmin.png&#8221; show_in_lightbox=&#8221;off&#8221; url_new_window=&#8221;off&#8221; use_overlay=&#8221;off&#8221; animation=&#8221;left&#8221; sticky=&#8221;off&#8221; align=&#8221;left&#8221; force_fullwidth=&#8221;off&#8221; always_center_on_mobile=&#8221;on&#8221; use_border_color=&#8221;off&#8221; border_color=&#8221;#ffffff&#8221; border_style=&#8221;solid&#8221;] [\/et_pb_image][\/et_pb_column][et_pb_column type=&#8221;1_2&#8243;][et_pb_text admin_label=&#8221;Testo&#8221; background_layout=&#8221;light&#8221; text_orientation=&#8221;justified&#8221; use_border_color=&#8221;off&#8221; border_color=&#8221;#ffffff&#8221; border_style=&#8221;solid&#8221;]<\/p>\n<p style=\"text-align: justify;\">Ich bin seit meiner Reise nach Italien Ende 2015, wobei ich das <span style=\"text-decoration: underline;\">Blister-Sandbettmatten<\/span>-System bei Italienischen Milchviehbetrieben in der Praxis bei Langzeitnutzung sehen konnte, vom <span style=\"text-decoration: underline;\">Sandbettmatten<\/span> System begeistert und \u00fcberzeugt. Nach einem Eigentest mit 7 St\u00fcck eingebauten <span style=\"text-decoration: underline;\">Sandbettmatten<\/span> als Nachr\u00fcstung in vorherige Tiefbox mit trockenem S\u00e4gemehl bzw. Siebreste aus der Pellets Industrie als \u00dcberpflege wurde meine Erwartung mit hervorragender Liegeauslastung, sehr sauberen Tieren und wesentlich erleichtertem Boxen-Management vollends best\u00e4tigt. Die positiven Ergebnisse haben mich nat\u00fcrlich dazu bewogen, auch die weitere Investition zu t\u00e4tigen und auch die Restherde mit 75 verbleibenden Liegeboxen mit <span style=\"text-decoration: underline;\">Blister-Sandbettmatten<\/span> nachzur\u00fcsten. Eine Investition, die sich f\u00fcr mich aufgrund des gesteigerten Tierwohls und wesentlich leichterem Boxen-Management mehrfach bezahlt gemacht hat.<\/p>\n<p>Armin H\u00f6genauer<br \/>\nArmin H\u00f6genauer Bauernhof<br \/>\n86931 Winkl \u2013 Deutschland<br \/>\nDerzeit 95 K\u00fche in Laktation<\/p>\n<p>&nbsp;<\/p>\n<p>[\/et_pb_text][\/et_pb_column][\/et_pb_row][\/et_pb_section]<\/p>\n","protected":false},"excerpt":{"rendered":"<p>Wir waren die ersten, welche die Blister vor zirka 9 Jahren installiert haben und somit k\u00f6nnen wir wirklich wichtige Aussagen treffen und nicht erst seit wenigen Monaten. Wenn jemand zu uns auf Besuch kommt sage ich immer bitte die Sprunggelenke betrachten nicht die Blister-Sandbettmatten. Ich sage, schauen Sie wie die K\u00fche sich abgelegt haben und [&hellip;]<\/p>\n","protected":false},"author":3,"featured_media":0,"parent":0,"menu_order":0,"comment_status":"closed","ping_status":"closed","template":"","meta":{"_et_pb_use_builder":"on","_et_pb_old_content":"","_et_gb_content_width":"","jetpack_post_was_ever_published":false,"footnotes":""},"class_list":["post-13022","page","type-page","status-publish","hentry"],"jetpack_sharing_enabled":true,"jetpack_shortlink":"https:\/\/wp.me\/P8bcOk-3o2","_links":{"self":[{"href":"https:\/\/www.newfarms.it\/index.php?rest_route=\/wp\/v2\/pages\/13022","targetHints":{"allow":["GET"]}}],"collection":[{"href":"https:\/\/www.newfarms.it\/index.php?rest_route=\/wp\/v2\/pages"}],"about":[{"href":"https:\/\/www.newfarms.it\/index.php?rest_route=\/wp\/v2\/types\/page"}],"author":[{"embeddable":true,"href":"https:\/\/www.newfarms.it\/index.php?rest_route=\/wp\/v2\/users\/3"}],"replies":[{"embeddable":true,"href":"https:\/\/www.newfarms.it\/index.php?rest_route=%2Fwp%2Fv2%2Fcomments&post=13022"}],"version-history":[{"count":9,"href":"https:\/\/www.newfarms.it\/index.php?rest_route=\/wp\/v2\/pages\/13022\/revisions"}],"predecessor-version":[{"id":13443,"href":"https:\/\/www.newfarms.it\/index.php?rest_route=\/wp\/v2\/pages\/13022\/revisions\/13443"}],"wp:attachment":[{"href":"https:\/\/www.newfarms.it\/index.php?rest_route=%2Fwp%2Fv2%2Fmedia&parent=13022"}],"curies":[{"name":"wp","href":"https:\/\/api.w.org\/{rel}","templated":true}]}}