{"id":13108,"date":"2016-12-29T10:10:33","date_gmt":"2016-12-29T10:10:33","guid":{"rendered":"http:\/\/www.newfarms.it\/?page_id=13108&#038;lang=es"},"modified":"2018-04-23T09:51:36","modified_gmt":"2018-04-23T09:51:36","slug":"testimonianze","status":"publish","type":"page","link":"https:\/\/www.newfarms.it\/?page_id=13108&lang=es","title":{"rendered":"Testimonios"},"content":{"rendered":"<p>[et_pb_section admin_label=&#8221;Sezione&#8221; fullwidth=&#8221;on&#8221; specialty=&#8221;off&#8221; background_image=&#8221;http:\/\/www.newfarms.it\/wp-content\/uploads\/2016\/08\/New-Farms-azienda-ok.jpg&#8221; transparent_background=&#8221;off&#8221; allow_player_pause=&#8221;off&#8221; inner_shadow=&#8221;off&#8221; parallax=&#8221;off&#8221; parallax_method=&#8221;off&#8221; padding_mobile=&#8221;off&#8221; make_fullwidth=&#8221;off&#8221; use_custom_width=&#8221;off&#8221; width_unit=&#8221;on&#8221; make_equal=&#8221;off&#8221; use_custom_gutter=&#8221;off&#8221; background_color=&#8221;#ffffff&#8221;][et_pb_fullwidth_post_title admin_label=&#8221;Titolo Post a Larghezza Intera&#8221; title=&#8221;on&#8221; meta=&#8221;off&#8221; author=&#8221;on&#8221; date=&#8221;on&#8221; categories=&#8221;on&#8221; comments=&#8221;on&#8221; featured_image=&#8221;off&#8221; featured_placement=&#8221;below&#8221; parallax_effect=&#8221;on&#8221; parallax_method=&#8221;on&#8221; text_orientation=&#8221;center&#8221; text_color=&#8221;light&#8221; text_background=&#8221;off&#8221; text_bg_color=&#8221;rgba(255,255,255,0.9)&#8221; module_bg_color=&#8221;rgba(255,255,255,0)&#8221; title_all_caps=&#8221;off&#8221; use_border_color=&#8221;off&#8221; border_color=&#8221;#ffffff&#8221; border_style=&#8221;solid&#8221;] [\/et_pb_fullwidth_post_title][\/et_pb_section][et_pb_section admin_label=&#8221;section&#8221;][et_pb_row admin_label=&#8221;row&#8221;][et_pb_column type=&#8221;1_2&#8243;][et_pb_image admin_label=&#8221;Immagine&#8221; src=&#8221;http:\/\/www.newfarms.it\/wp-content\/uploads\/2016\/12\/Pastorello-01-kompress.jpg&#8221; show_in_lightbox=&#8221;off&#8221; url_new_window=&#8221;off&#8221; use_overlay=&#8221;off&#8221; animation=&#8221;left&#8221; sticky=&#8221;off&#8221; align=&#8221;left&#8221; force_fullwidth=&#8221;off&#8221; always_center_on_mobile=&#8221;on&#8221; use_border_color=&#8221;off&#8221; border_color=&#8221;#ffffff&#8221; border_style=&#8221;solid&#8221;] [\/et_pb_image][\/et_pb_column][et_pb_column type=&#8221;1_2&#8243;][et_pb_text admin_label=&#8221;Testo&#8221; background_layout=&#8221;light&#8221; text_orientation=&#8221;justified&#8221; use_border_color=&#8221;off&#8221; border_color=&#8221;#ffffff&#8221; border_style=&#8221;solid&#8221;]<\/p>\n<p style=\"text-align: justify;\">Fuimos de los primeros en Italia en instalar el <span style=\"text-decoration: underline;\">Blister<\/span> hace aproximadamente 9 a\u00f1os, por lo tanto podemos proporcionar un testimonio importante. No de unos pocos meses. Cuando alguien viene a visitarnos siempre digo que mire los corvejones y no los <span style=\"text-decoration: underline;\">Blister<\/span>. Yo digo que vean si las vacas est\u00e1n tumbadas o no, y como se levantan. Voy a muchos otros establos y siempre veo los corvejones de los animales arruinados. Mire siempre los corvejones de los animales y no a quien habla. Aqu\u00ed no hay ni una vaca que tenga los corvejones arruinados. Usted no ve los moretones, no ve las vacas que sufren y esto es lo m\u00e1s importante.<br \/>\nYo puedo hablar s\u00f3lo bien del <span style=\"text-decoration: underline;\">Blister<\/span>. Tenemos una zona del establo donde no hay <span style=\"text-decoration: underline;\">Blister<\/span> y lamentablemente tenemos que dividir a los animales: ponemos las vacas grandes sobre los <span style=\"text-decoration: underline;\">Blister<\/span> y las novillas de primer parto en cub\u00edculos normales. Si hacemos lo contrario, para las vacas es un desastre: no pueden levantarse!<br \/>\nEn el cub\u00edculo tradicional se forman hundimientos, no hay nada que hacer! Las vacas van sobre los <span style=\"text-decoration: underline;\">Blister<\/span> porque de lo contrario no se levantan. En nueve a\u00f1os nunca ponemos la arena en el colch\u00f3n, jam\u00e1s. Lo hicimos al principio y luego el \u00faltimo mes. Es casi una semana que no rehacemos la capa superficial de paja sobre el colch\u00f3n y, por tanto, hoy vamos a poner paja otra vez.<br \/>\nTenemos un cub\u00edculo cada uno y las vacas permanecen acostadas durante al menos 11 horas. Est\u00e1n bien y son tranquilas.<\/p>\n<p>Societ\u00e0 Ponticella &#8211; Mariana Mantovana (MN)<\/p>\n<p>[\/et_pb_text][\/et_pb_column][\/et_pb_row][\/et_pb_section][et_pb_section admin_label=&#8221;section&#8221;][et_pb_row admin_label=&#8221;row&#8221;][et_pb_column type=&#8221;1_2&#8243;][et_pb_image admin_label=&#8221;Immagine&#8221; src=&#8221;http:\/\/www.newfarms.it\/wp-content\/uploads\/2016\/12\/Ramazzotti-01-kompress.jpg&#8221; show_in_lightbox=&#8221;off&#8221; url_new_window=&#8221;off&#8221; use_overlay=&#8221;off&#8221; animation=&#8221;left&#8221; sticky=&#8221;off&#8221; align=&#8221;left&#8221; force_fullwidth=&#8221;off&#8221; always_center_on_mobile=&#8221;on&#8221; use_border_color=&#8221;off&#8221; border_color=&#8221;#ffffff&#8221; border_style=&#8221;solid&#8221;] [\/et_pb_image][\/et_pb_column][et_pb_column type=&#8221;1_2&#8243;][et_pb_text admin_label=&#8221;Testo&#8221; background_layout=&#8221;light&#8221; text_orientation=&#8221;justified&#8221; use_border_color=&#8221;off&#8221; border_color=&#8221;#ffffff&#8221; border_style=&#8221;solid&#8221;]<\/p>\n<p style=\"text-align: justify;\"><span style=\"text-decoration: underline;\">Blister<\/span> para nosotros es sin\u00f3nimo de confort. En el momento en que instalamos el producto en el establo hemos resuelto una serie de problemas relacionados con el da\u00f1o f\u00edsico de los animales.<br \/>\nNos dimos cuenta del placer que tienen los animales en permanecer en los cubiculos por m\u00e1s tiempo; hoy en d\u00eda, de hecho, se quedan tumbados m\u00e1s o menos 11 horas &#8211; y tenemos los pod\u00f3metros que nos ense\u00f1an esto &#8211; lo que significa una hora y media m\u00e1s que antes. Hay momentos durante el d\u00eda en el que no tienes cub\u00edculos libres.<\/p>\n<p>Luca Ramazzotti<br \/>\nSociet\u00e0 Agricola Cascina Sei Ore &#8211; Remedello (BS)<\/p>\n<p>[\/et_pb_text][\/et_pb_column][\/et_pb_row][\/et_pb_section][et_pb_section admin_label=&#8221;section&#8221;][et_pb_row admin_label=&#8221;row&#8221;][et_pb_column type=&#8221;1_2&#8243;][et_pb_image admin_label=&#8221;Immagine&#8221; src=&#8221;http:\/\/www.newfarms.it\/wp-content\/uploads\/2016\/12\/Fisch-01-kompress.jpg&#8221; show_in_lightbox=&#8221;off&#8221; url_new_window=&#8221;off&#8221; use_overlay=&#8221;off&#8221; animation=&#8221;left&#8221; sticky=&#8221;off&#8221; align=&#8221;left&#8221; force_fullwidth=&#8221;off&#8221; always_center_on_mobile=&#8221;on&#8221; use_border_color=&#8221;off&#8221; border_color=&#8221;#ffffff&#8221; border_style=&#8221;solid&#8221;] [\/et_pb_image][\/et_pb_column][et_pb_column type=&#8221;1_2&#8243;][et_pb_text admin_label=&#8221;Testo&#8221; background_layout=&#8221;light&#8221; text_orientation=&#8221;justified&#8221; use_border_color=&#8221;off&#8221; border_color=&#8221;#ffffff&#8221; border_style=&#8221;solid&#8221;]<\/p>\n<p style=\"text-align: justify;\">Somos una de las primeras empresas en Baviera que ha probado el sistema <span style=\"text-decoration: underline;\">Blister-Sandbettmatten<\/span> para nuestras vacas lecheras y estamos content\u00edsimos. Utilizamos el <span style=\"text-decoration: underline;\">Blister-Sandbettmatten<\/span> desde hace un a\u00f1o y medio para nuestras vacas manchadas rojas y Holstein con gran aprecio por ellas mismas y con una muy buena situaci\u00f3n de la piel y de los corvejones.<br \/>\nGracias a la utilizaci\u00f3n de arena como material de cama tenemos un buen\u00edsimo tiempo de descanso entre 11 y 12 horas, que es perfecto, incluso en el dif\u00edcil per\u00edodo del verano &#8211; que hasta aqu\u00ed en Alemania ha alcanzado los 35 grados como el a\u00f1o pasado.<br \/>\nLa mejor prueba de mi satisfacci\u00f3n es la compra de otras 24 piezas <span style=\"text-decoration: underline;\">Blister-Sandbettmatten<\/span> para el nuevo edificio adicional al establo. Ya que tambi\u00e9n tenemos una planta de biog\u00e1s, para nosotros era importante que la arena, un poco arcillosa como la que ponemos en el cub\u00edculo, se mantuviese parada all\u00ed.<br \/>\nPara el mantenimiento del <span style=\"text-decoration: underline;\">Blister<\/span> usamos c\u00e1scara de espelta con excelente sequedad.<\/p>\n<p>Wolfgang y Christine Fisch<br \/>\nLicenciado:\u00a0Agr\u00f3nomo<br \/>\nSuperficie : 100 ha<br \/>\n80 vacas lecheras<br \/>\nPlanta de biog\u00e1s : 230kW<\/p>\n<p>Bauernhof Wolfgang WHISTLE<br \/>\n94136 Thyrnau &#8211; Niederbayern (Alemania)<\/p>\n<p>[\/et_pb_text][\/et_pb_column][\/et_pb_row][\/et_pb_section][et_pb_section admin_label=&#8221;section&#8221;][et_pb_row admin_label=&#8221;row&#8221;][et_pb_column type=&#8221;1_2&#8243;][et_pb_image admin_label=&#8221;Immagine&#8221; src=&#8221;http:\/\/www.newfarms.it\/wp-content\/uploads\/2016\/12\/Harmin.png&#8221; show_in_lightbox=&#8221;off&#8221; url_new_window=&#8221;off&#8221; use_overlay=&#8221;off&#8221; animation=&#8221;left&#8221; sticky=&#8221;off&#8221; align=&#8221;left&#8221; force_fullwidth=&#8221;off&#8221; always_center_on_mobile=&#8221;on&#8221; use_border_color=&#8221;off&#8221; border_color=&#8221;#ffffff&#8221; border_style=&#8221;solid&#8221;] [\/et_pb_image][\/et_pb_column][et_pb_column type=&#8221;1_2&#8243;][et_pb_text admin_label=&#8221;Testo&#8221; background_layout=&#8221;light&#8221; text_orientation=&#8221;justified&#8221; use_border_color=&#8221;off&#8221; border_color=&#8221;#ffffff&#8221; border_style=&#8221;solid&#8221;]<\/p>\n<p>Durante una visita a Italia a finales de 2015 tuve la oportunidad de ver el <span style=\"text-decoration: underline;\">Blister<\/span> instalado en algunas granjas lecheras italianas, y qued\u00e9 impresionado y entusiasmado con eso. Luego realic\u00e9 una prueba con 7 piezas en mi granero colocandolas en unos cub\u00edculos profundos y luego cubriendolas con aserr\u00edn sobre la arena. Mis expectativas fueron confirmadas: los animales estaban limpios y los cub\u00edculos m\u00e1s f\u00e1ciles de mantener. Los resultados positivos, por supuesto, me llevaron a realizar m\u00e1s inversiones para modernizar el resto del lote con 75 <span style=\"text-decoration: underline;\">Blister<\/span> en los cub\u00edculos restantes. Una inversi\u00f3n que se ha amortizado en varias ocasiones debido al mayor bienestar de los animales y una gesti\u00f3n mucho m\u00e1s sencilla de los cub\u00edculos.<\/p>\n<p>Armin H\u00f6genauer<br \/>\nGranja\u00a0Armin H\u00f6genauer<br \/>\n86931 Winkl &#8211; Alemania<br \/>\n95 vacas lecheras<\/p>\n<p>[\/et_pb_text][\/et_pb_column][\/et_pb_row][\/et_pb_section]<\/p>\n","protected":false},"excerpt":{"rendered":"<p>Fuimos de los primeros en Italia en instalar el Blister hace aproximadamente 9 a\u00f1os, por lo tanto podemos proporcionar un testimonio importante. No de unos pocos meses. Cuando alguien viene a visitarnos siempre digo que mire los corvejones y no los Blister. Yo digo que vean si las vacas est\u00e1n tumbadas o no, y como [&hellip;]<\/p>\n","protected":false},"author":3,"featured_media":0,"parent":0,"menu_order":0,"comment_status":"closed","ping_status":"closed","template":"","meta":{"_et_pb_use_builder":"on","_et_pb_old_content":"","_et_gb_content_width":"","footnotes":""},"class_list":["post-13108","page","type-page","status-publish","hentry"],"jetpack_sharing_enabled":true,"jetpack_shortlink":"https:\/\/wp.me\/P8bcOk-3pq","_links":{"self":[{"href":"https:\/\/www.newfarms.it\/index.php?rest_route=\/wp\/v2\/pages\/13108","targetHints":{"allow":["GET"]}}],"collection":[{"href":"https:\/\/www.newfarms.it\/index.php?rest_route=\/wp\/v2\/pages"}],"about":[{"href":"https:\/\/www.newfarms.it\/index.php?rest_route=\/wp\/v2\/types\/page"}],"author":[{"embeddable":true,"href":"https:\/\/www.newfarms.it\/index.php?rest_route=\/wp\/v2\/users\/3"}],"replies":[{"embeddable":true,"href":"https:\/\/www.newfarms.it\/index.php?rest_route=%2Fwp%2Fv2%2Fcomments&post=13108"}],"version-history":[{"count":6,"href":"https:\/\/www.newfarms.it\/index.php?rest_route=\/wp\/v2\/pages\/13108\/revisions"}],"predecessor-version":[{"id":13445,"href":"https:\/\/www.newfarms.it\/index.php?rest_route=\/wp\/v2\/pages\/13108\/revisions\/13445"}],"wp:attachment":[{"href":"https:\/\/www.newfarms.it\/index.php?rest_route=%2Fwp%2Fv2%2Fmedia&parent=13108"}],"curies":[{"name":"wp","href":"https:\/\/api.w.org\/{rel}","templated":true}]}}